 + 36318 = 4*n. What is the hundreds digit of n?
0
Let z = -218 + 426. Let k be -1 + (-1)/((-1)/z). Suppose 7*u - k - 493 = 0. What is the hundreds digit of u?
1
Let b(f) be the first derivative of -9*f**4/4 + f**3 + f**2 - 2*f + 21. Suppose -1 = g + 1, 3*r + g + 8 = 0. What is the units digit of b(r)?
8
Let m = 59 - 93. Let v = -49 - m. What is the units digit of (-2440)/v + 3*6/(-27)?
2
Let j = 6053 + 3549. What is the tens digit of j?
0
Suppose 226*u + 16 = 234*u. Suppose -b + 1001 = 4*o + 2*b, u*o - b - 513 = 0. What is the hundreds digit of o?
2
Let n be (5 - 11/2)/(3/(-2166)). Let p = n - -323. What is the units digit of p?
4
Let q be (88/2)/((-26)/(-13)). Suppose -q*c - 2*c = -11088. What is the hundreds digit of c?
4
Let c = 2877 + -1741. Suppose 1398 = 14*i - c. What is the tens digit of i?
8
Let j(z) = 205*z - 1. Let v be j(1). Let s be -2 + 2 + 10 + -7. Suppose -s*c + v = -75. What is the tens digit of c?
9
Let h(f) = -5 - 10*f**2 - 3*f + 13 - 15*f + 14*f**2. What is the hundreds digit of h(9)?
1
What is the tens digit of 1 + (28/(-2) - -5365)?
5
Suppose 2*y + 76 = d, -3*d + 2*y + 233 = y. Let k = -27 - d. Let t = k + 243. What is the hundreds digit of t?
1
Suppose 5*j = 2*j + t + 1, 0 = -2*j + t. Let d(c) = -c**2 - 2*c + 2 - 2 - 51*c**3 - j. What is the units digit of d(-1)?
1
Let w(m) = -30*m + 3 + 12 + 12*m + 13*m + 14*m**2. Let u be w(4). Let d = u - 103. What is the units digit of d?
6
Let x(y) = 571*y - 90. What is the thousands digit of x(4)?
2
Let l be 2/(-4)*2 - -5. Let q be 364/1456*(1 - -715). Suppose l*h = -q + 1035. What is the tens digit of h?
1
Suppose -29*i - 252 = -41*i. What is the hundreds digit of (1 - -52)/(3/i*1)?
3
What is the thousands digit of (-2*(-5)/(-40) - 2)/(3/(-59632))?
4
Suppose 2*w = -3*b + 206, b + 5*w - 60 - 13 = 0. Let t(i) = -i**3 - 15*i**2 + 12. Let m be t(-15). What is the hundreds digit of m/(208/b + (-2 - 1))?
2
Let d(a) = -a**3 - 49*a**2 + 132*a + 334. What is the tens digit of d(-52)?
8
What is the thousands digit of 9/54*(-18)/3 + 4723?
4
Let t(w) = w**3 - 12*w**2 + 16*w + 6. Let f be t(10). Let n = f + 61. Suppose -57 + n = -3*d. What is the tens digit of d?
1
Let y be 1 + (-2337)/(-8 + 5). Let f = y - 467. What is the hundreds digit of f?
3
Suppose -8 - 3 = -f. Suppose -4*s = -2*n - 18, -6 = 2*s + 13*n - 9*n. What is the units digit of f - 1/(-3)*s?
2
Suppose 43*g - 40*g - 80 = 5*p, -g = -4*p - 29. Suppose -5*s = -5*y + 4*y + 561, 5*s - g = 0. What is the tens digit of y?
8
Let c be (0 - 0)*4/8. Let k(b) = b**2 + 10*b - 333. Let v be k(14). Suppose 124 = -4*h + l + 468, 2*h - v*l - 162 = c. What is the tens digit of h?
8
Let f(i) = -44*i - 38. Let a be f(3). Let b = 184 - a. What is the units digit of b?
4
Suppose 2*l - 5*l - 51 = -3*v, 4*l + 4*v = -60. Suppose -116*k - 8 = -117*k. What is the units digit of ((-1556)/l)/1 - 2/k?
7
Let p = 63698 + -17638. What is the units digit of p?
0
Suppose -2*p - p + 9 = 0. Suppose -4*t + j - 20 = -p*j, 5*t - 2*j + 19 = 0. What is the tens digit of (-123)/t + 5 + -2?
4
Suppose 159*c = 61*c + 25183 + 79873. What is the tens digit of c?
7
What is the hundreds digit of ((-42904)/10)/(-22 - 648/(-30))?
7
Let b = 16427 - 10095. Let a be b/18 + (-2)/(-9). Suppose -9*m + a = -674. What is the hundreds digit of m?
1
Let i be 670/14 + (-14)/(-98). Let v = i - 84. Let o = -4 - v. What is the tens digit of o?
3
Let d = 6892 + 5119. What is the tens digit of d?
1
Suppose -19*y + 7*y - 3972 = 0. Let g = y + 350. What is the units digit of g?
9
Let r = 120733 + -71985. What is the tens digit of r?
4
Let f(s) be the second derivative of -7*s**3 + 3*s**2/2 + s. Suppose 0 = -0*i + 16*i + 16. What is the tens digit of f(i)?
4
Suppose 4*i = j - 11824, -2*j = -4*i - 16260 - 7404. What is the ten thousands digit of j?
1
Suppose 206*i = 202*i + 5*w + 111127, 4*w = -28. What is the thousands digit of i?
7
Let r be (-9)/(-72) - (-1797)/24. What is the units digit of r + 6 + -6 + 1?
6
Let v(s) = s**3 - 6*s**2 + 11*s + 16728. What is the ten thousands digit of v(0)?
1
Let r(q) = -37*q + 36*q + 41*q + 3. Let z be r(-2). Let j = z + 181. What is the hundreds digit of j?
1
Suppose 0 = 2*p - 3*f - 12744, -20 = 1467*f - 1472*f. What is the units digit of p?
8
Let b = 941 + 123. What is the hundreds digit of b?
0
Let g be -2 - 10/3*15/(-10). What is the units digit of ((-18)/6)/(g/(-278))?
8
What is the tens digit of 2654/20*2 + (-847)/605?
6
Suppose 1 = 4*o - 15. Let w = -295 + 358. Suppose -o*h - w = -695. What is the units digit of h?
8
Let i = 6630 + 4639. What is the hundreds digit of i?
2
Suppose 4*o - 9934 = -5*q, 4*q + 68*o - 65*o - 7947 = 0. What is the hundreds digit of q?
9
Suppose 5*w = 167 + 2738. Suppose -4*l = -5*l + 5*z + 141, 4*l - 3*z = w. What is the tens digit of l?
4
Suppose -4*w = 4*z - 116, -z - 4*w + 2*w + 33 = 0. Suppose s - z = 6*s, s - 12 = o. What is the units digit of (o - -20)/((-1)/(-2))?
6
Let r(h) = -h + 36. Suppose -6*x = 22 - 124. Suppose -x = -s - 24. What is the units digit of r(s)?
3
Suppose 0 = -4*i + 2*a - 4, 4*a = -2*i + 2*a - 2. Let r be (-23)/(-3) + (-20)/30 - i. Let c(n) = -n**2 + 19*n + 12. What is the hundreds digit of c(r)?
1
Let q(l) = 2*l**2 + 5*l. Let b be q(-2). Let c be (-10 - -11)*(-1 - b). What is the units digit of (c/(-4) + -4)*-24?
2
Let s(h) = h**3 - h**2 + 9*h - 10. Let l be s(8). Let x = l - 231. What is the hundreds digit of x?
2
Let o(z) = -19*z**3 + 18*z**2 - 36*z - 183. What is the units digit of o(-8)?
5
Let d be (1 - 0 - 0)*(24 + -13). Suppose -2*q = 3*l + 3 - 8, -4*q + l = d. Let h(k) = 19*k**2 + 2*k - 3. What is the units digit of h(q)?
9
Let b(a) = a**2 - 26*a + 1097. What is the units digit of b(-40)?
7
Let c be 0 - 0/(-9) - (0 + -1). Let x(q) = 316*q - 12. What is the hundreds digit of x(c)?
3
Let g = 245 - 245. What is the hundreds digit of (-1522 - g)/(-2)*(-47 - -48)?
7
Let v be (8/(-16))/((-3)/(-6)) - -613. Suppose -y - 3*r + 40 = -103, -4*r + v = 4*y. What is the tens digit of y?
5
Suppose 342386 + 113815 = 9*t. What is the units digit of t?
9
Suppose -151*h - 717625 = -267*h + 555707. What is the thousands digit of h?
0
Let y = -1870 + 5580. What is the hundreds digit of y?
7
Let w(a) be the second derivative of -1/6*a**3 + 3*a**2 - 31*a + 17/12*a**4 + 0. What is the hundreds digit of w(-4)?
2
Suppose -434566 = -34*a + 887216 - 274242. What is the thousands digit of a?
0
Let o(m) = 3*m**3 - 6*m**2 - 7*m - 4. Let q(u) = -u**3 + u - 1. Let l(z) = -o(z) - 2*q(z). Let i be l(4). Let f = -51 + i. What is the units digit of f?
7
Let h(b) = -3101*b - 20. Let c be h(-4). What is the units digit of (2/6)/(8/c)?
6
Suppose 4279 = 6*l - 2321. Suppose 79*i = 74*i + l. What is the hundreds digit of i?
2
Let w(n) be the third derivative of n**6/60 + n**5/60 + n**3/6 - 10*n**2. Let k be w(0). What is the tens digit of (-3 - -98)/k - -2?
9
Suppose 2*r = -2*z + 18078, 42*z = 38*z + 4*r + 36164. What is the units digit of z?
0
What is the thousands digit of 738/328*(1 + 11)*233?
6
Suppose 3*b - n - 7229 = 0, -3*n - 763 - 11284 = -5*b. Suppose 9*h = b + 335. Suppose j - 45 = 5*a, -2*j - 3*j = -5*a - h. What is the units digit of j?
5
Let d(u) = u**3 - 11*u**2 - 12*u - 10. Let y be d(12). Let l(r) = -135*r + 140. What is the tens digit of l(y)?
9
Suppose 4*f - 2*o + 3*o = 79, 5*f + 3*o - 97 = 0. Suppose 2*l = 7*l - f. What is the tens digit of -1 + l + 35*1?
3
Suppose -28*a = -66367 + 9723. Suppose 135 = -4*h + a. What is the hundreds digit of h?
4
Let m(b) = 21834*b + 1086. What is the units digit of m(4)?
2
Let t(s) = 4*s**3 + 36*s - 4. Let p be t(10). Suppose -7*d = -p - 3106. What is the hundreds digit of d?
0
Let u = 2526 + -1636. What is the tens digit of u?
9
Let p(q) = -q**3 - 62*q**2 + 8*q + 544. What is the tens digit of p(-64)?
2
Suppose d - 219 - 407 = 0. Let f = -194 + d. What is the tens digit of f?
3
Let q = 55097 + -10817. What is the ten thousands digit of q?
4
Let h be (-12)/18 + (25908/9)/(-2). What is the tens digit of (4/5)/((-56)/h)*7?
4
Let p be 15 - 10/(5/1). Let m(l) = -l**3 + 13*l**2 + 3*l - 31. Let h be m(p). Let n(c) = 2*c**2 + 6*c - 31. What is the tens digit of n(h)?
4
Suppose -4*v - 25 = -3*z, 7*v + 12 = z + 2*v. Suppose 0 = 2*s + z*n - 4*n - 996, 0 = 2*s + n - 1004. What is the hundreds di